
False
Is 6537858337 prime?
True
Is 45210708545 composite?
True
Is 1527988897 composite?
True
Is 8234276087 composite?
True
Is 6820279541 a composite number?
False
Is 4913310637 a composite number?
True
Is 13291234603 a composite number?
False
Is 82171517083 prime?
False
Is 21822717491 a composite number?
True
Is 9801954334 composite?
True
Is 8267741043 a prime number?
False
Is 1252216193 prime?
True
Is 8259553381 composite?
False
Is 438961751 prime?
True
Is 319353317 composite?
False
Is 2122071059 a prime number?
True
Is 714094337 composite?
True
Is 52521153001 prime?
True
Is 340847567 a composite number?
False
Is 8604565939 a prime number?
True
Is 256577453 a composite number?
True
Is 9871804541 prime?
True
Is 1301040227 a composite number?
False
Is 1199253477 prime?
False
Is 19340313271 a composite number?
False
Is 479688557 a prime number?
True
Is 5655317069 prime?
True
Is 1090805059 a prime number?
True
Is 1686932521 composite?
False
Is 27144259 composite?
False
Is 267223829 a composite number?
True
Is 6479973559 a prime number?
True
Is 17839665719 prime?
False
Is 23188063313 a composite number?
False
Is 1067823929 prime?
False
Is 91350831199 a prime number?
False
Is 1461356437 composite?
True
Is 799464131 a composite number?
False
Is 1772668607 composite?
False
Is 1158387047 composite?
True
Is 433268291 prime?
False
Is 34735999 a composite number?
False
Is 64522817699 composite?
False
Is 15499925629 a composite number?
False
Is 21852450358 composite?
True
Is 306748157 prime?
False
Is 215239243 composite?
False
Is 125971874591 composite?
True
Is 94962703937 composite?
False
Is 9911849033 composite?
False
Is 3807017407 composite?
True
Is 1256061041 a prime number?
False
Is 4477007323 a prime number?
False
Is 813607903 prime?
True
Is 1002774833 a composite number?
False
Is 3687483517 a composite number?
True
Is 22442738623 a prime number?
False
Is 665232487 prime?
True
Is 1087932973 composite?
False
Is 679761283 prime?
False
Is 4353998263 composite?
False
Is 107931599915 a prime number?
False
Is 6676763279 a prime number?
True
Is 3433783741 a composite number?
False
Is 3536592881 a composite number?
False
Is 5251648133 prime?
False
Is 6481772909 a prime number?
True
Is 21169846013 composite?
False
Is 31312750327 a composite number?
False
Is 2610083323 a composite number?
False
Is 30138810341 composite?
True
Is 2574702967 a composite number?
False
Is 2806048579 prime?
True
Is 346291901 prime?
True
Is 5040270221 a composite number?
True
Is 162635178149 composite?
False
Is 8713318651 prime?
True
Is 13719881833 prime?
False
Is 841014985 composite?
True
Is 3490754207 prime?
True
Is 14647143617 a composite number?
False
Is 33889685729 a composite number?
False
Is 650029319 prime?
False
Is 5079055213 prime?
False
Is 1173428393 composite?
False
Is 9193483 a composite number?
True
Is 2910529109 a prime number?
False
Is 1329108947 composite?
True
Is 790582537 a composite number?
False
Is 34794639323 a prime number?
True
Is 10494181 composite?
True
Is 3633898999 a prime number?
True
Is 3719658727 prime?
True
Is 31062992789 prime?
True
Is 1936107419 a prime number?
False
Is 102495509 a prime number?
True
Is 17994469567 a prime number?
False
Is 291289393 a prime number?
True
Is 24991637 composite?
True
Is 111214334499 a prime number?
False
Is 105698447 a prime number?
False
Is 7694873009 prime?
True
Is 468755533 a prime number?
True
Is 2358309799 a prime number?
True
Is 1551354451 composite?
False
Is 2800653731 composite?
False
Is 912976663 prime?
False
Is 228041731 a composite number?
True
Is 4505354959 a composite number?
True
Is 2083599199 composite?
True
Is 3788505287 a composite number?
True
Is 7181864233 composite?
True
Is 10831233107 composite?
True
Is 714615415 a prime number?
False
Is 5478349301 composite?
False
Is 19461260951 composite?
True
Is 55186354583 a composite number?
True
Is 24382126673 composite?
True
Is 22977677771 a composite number?
True
Is 4975581463 a composite number?
True
Is 58230221743 a composite number?
False
Is 5034953089 a prime number?
False
Is 188637527713 composite?
False
Is 2150261723 prime?
True
Is 46318657241 a composite number?
False
Is 27981253943 a prime number?
False
Is 34321332863 a composite number?
False
Is 1837386241 prime?
False
Is 1620994811 a composite number?
True
Is 9558086299 prime?
True
Is 11495846147 prime?
True
Is 17989422911 prime?
True
Is 462816631 a prime number?
False
Is 3123717953 a composite number?
True
Is 11297431883 a composite number?
False
Is 2936090687 composite?
True
Is 347497193 prime?
True
Is 8842615961 a composite number?
False
Is 24218896133 a composite number?
True
Is 3165363589 prime?
False
Is 48113555849 composite?
False
Is 2073088961 a composite number?
True
Is 866085749 a composite number?
True
Is 331469563 a prime number?
True
Is 71084063 composite?
False
Is 8304737393 prime?
True
Is 611970119 a composite number?
True
Is 340735193 a prime number?
True
Is 1818637619 a prime number?
True
Is 40645827953 a composite number?
True
Is 10437755507 a prime number?
False
Is 1252348379 composite?
False
Is 1229393161 prime?
True
Is 35888089453 a composite number?
False
Is 491668507 composite?
True
Is 4652304367 composite?
False
Is 91454323 prime?
True
Is 7144319047 a composite number?
False
Is 1621197881 a composite number?
True
Is 4364659867 composite?
False
Is 458911451 prime?
True
Is 86461183 a prime number?
False
Is 48526193 a composite number?
True
Is 9484663823 a composite number?
False
Is 840208729 prime?
False
Is 1156496707 a composite number?
False
Is 128151047 prime?
True
Is 2760256061 prime?
True
Is 35545599919 composite?
False
Is 382861643 composite?
False
Is 9631380251 prime?
False
Is 45534777131 prime?
True
Is 1985954693 prime?
False
Is 2920033367 a prime number?
True
Is 6710473577 a prime number?
False
Is 1186535923 a composite number?
True
Is 392604911 a composite number?
True
Is 1369082139 a composite number?
True
Is 24806357867 a composite number?
False
Is 2187704657 a prime number?
True
Is 376332701 composite?
True
Is 478754749 a prime number?
False
Is 900596251 composite?
True
Is 6534043337 prime?
False
Is 565487731 composite?
False
Is 17434713139 composite?
True
Is 2752453631 prime?
False
Is 1471932457 a prime number?
True
Is 39396319 a prime number?
False
Is 84042422747 a prime number?
False
Is 70482845353 composite?
False
Is 213980027 prime?
False
Is 12432190457 composite?
True
Is 537883657 a composite number?
True
Is 153040679669 prime?
True
Is 5127234499 a prime number?
True
Is 85001837 prime?
True
Is 545883329 a composite number?
False
Is 53606831 prime?
False
Is 70812151 prime?
True
Is 59066141 composite?
False
Is 213006109 prime?
True
Is 1270123649 a composite number?
True
Is 1691734349 a composite number?
False
Is 982165169 a composite number?
True
Is 18706217482 a prime number?
False
Is 8148311 prime?
True
Is 13348435591 prime?
True
Is 10177328897 composite?
True
Is 2255585939 a prime number?
False
Is 978448663 a composite number?
False
Is 226286377 composite?
False
Is 23111373683 a composite number?
False
Is 19444678291 composite?
False
Is 139593203 a composite number?
True
Is 1043899897 prime?
False
Is 10149463373 a prime number?
False
Is 8481609593 a prime number?
True
Is 37785637 composite?
True
Is 3311740897 a composite number?
False
Is 355361359 a composite number?
False
Is 366412583 a prime number?
False
Is 1983239189 a prime number?
True
Is 81753746341 prime?
False
Is 6781610179 prime?
False
Is 2963801 a composite number?
True
Is 11932313041 prime?
False
Is 18134716681 prime?
False
Is 30957082931 a prime number?
True
Is 20328079637 prime?
True
Is 22821491499 a composite number?
True
Is 85698442097 prime?
False
Is 6269704577 a prime number?
True
Is 11273684381 prime?
True
Is 1714710167 a composite number?
False
Is 934723039 composite?
True
Is 10342663379 a composite number?
False
Is 199217185891 a prime number?
False
Is 2904721 a prime number?
False
Is 11274497093 a prime number?
True
Is 19019666803 a prime number?
True
Is 5777416057 prime?
False
Is 2144360651 a prime number?
True
Is 1398254107 prime?
True
Is 426038489 composite?
True
Is 17099654507 prime?
False
Is 93838258247 composite?
False
Is 3741233807 a composite number?
False
Is 87048024331